{"id":2429,"date":"2026-08-31T11:20:04","date_gmt":"2026-08-31T11:20:04","guid":{"rendered":"https:\/\/keelekymblus.ee\/?page_id=2429"},"modified":"2026-08-31T12:00:37","modified_gmt":"2026-08-31T12:00:37","slug":"infotund-29-09-2026","status":"publish","type":"page","link":"https:\/\/keelekymblus.ee\/ee\/infotund-29-09-2026\/","title":{"rendered":"Infotund 29.09.2026 \"Lapse keeleline kohanemine eesti keelele \u00fcleminekul: \u00e4revusest m\u00e4ngu ja suhtlemiseni\u201c"},"content":{"rendered":"<div class=\"wp-block-image\">\n<figure class=\"aligncenter size-full\"><img loading=\"lazy\" decoding=\"async\" width=\"640\" height=\"427\" src=\"https:\/\/keelekymblus.ee\/wp-content\/uploads\/2026\/08\/infotund-29-09-2026.jpg\" alt=\"\" class=\"wp-image-2436\" srcset=\"https:\/\/keelekymblus.ee\/wp-content\/uploads\/2026\/08\/infotund-29-09-2026.jpg 640w, https:\/\/keelekymblus.ee\/wp-content\/uploads\/2026\/08\/infotund-29-09-2026-300x200.jpg 300w, https:\/\/keelekymblus.ee\/wp-content\/uploads\/2026\/08\/infotund-29-09-2026-18x12.jpg 18w\" sizes=\"auto, (max-width: 640px) 100vw, 640px\" \/><\/figure>\n<\/div>\n\n\n<p class=\"wp-block-paragraph\">Eestikeelsele \u00f5ppele \u00fcleminek on lapse jaoks suur samm. M\u00f5ne lapse jaoks kulgeb see kergelt ja loomulikult, teise jaoks v\u00f5ib see aga saada \u00e4revuse, ebakindluse ja eksimise hirmu allikaks.<br><strong>Kuidas aidata lapsel uues keelekeskkonnas kohaneda? Kuidas toetada teda siis, kui ta veel ei m\u00f5ista eesti keelt v\u00f5i ei r\u00e4\u00e4gi seda piisavalt h\u00e4sti? Ja kuidas muuta uue keele \u00f5ppimine stressirohkest kogemusest huvitavaks m\u00e4nguks ja loomulikuks suhtlemiseks?<\/strong><br>29.09.2026 toimuval infotunnil r\u00e4\u00e4gime lapse kohanemisest eesti keelega, m\u00e4ngu ja suhtlemise rollist selles protsessis ning sellest, kuidas emotsionaalne tugi aitab lapsel end enesekindlamalt tunda.<br>See ei ole ainult teoreetiline arutelu \u2013\u00a0<strong>jagame ka praktilisi ideid ja v\u00f5tteid,<\/strong>mida lapsevanemad ja \u00f5petajad saavad igap\u00e4evaelus kasutada.<br>nfotundi viivad l\u00e4bi\u00a0<strong>Ljudmilla Limantova,<\/strong>erivajadustega laste kooli \u00f5petaja,\u00a0<strong>ja Irina Balabanova -<\/strong>kliiniline logopeed.<\/p>\n\n\n\n<p class=\"wp-block-paragraph\"><em>Infotund toimub, nagu tavaliselt, h\u00fcbriidvormis: online\u2019is (Google Meet, lingi saadame 2 p\u00e4eva enne infotundi) ja kohapeal aadressil Narva, Fama p\u00f5ik 10 (Fama Keskus).<\/em><\/p>\n\n\n\n<p class=\"wp-block-paragraph\">Osalemine infotunnis on tasuta, kuid vajalik on hankida tasuta pilet Fienta keskkonnas.<\/p>\n\n\n\n<div class=\"wp-block-buttons is-content-justification-center is-layout-flex wp-container-core-buttons-is-layout-fe48e5de wp-block-buttons-is-layout-flex\">\n<div class=\"wp-block-button is-style-outline is-style-outline--1\"><a class=\"wp-block-button__link has-vivid-cyan-blue-color has-text-color has-link-color wp-element-button\" href=\"https:\/\/fienta.com\/et\/infochas-29-09-2026-yazykovaya-adaptaciya-rebenka-pri-perehode-na-estonskiy-yazyk-ot-trevogi-k-igre-i-obshcheniyu\">Soeta pilet<\/a><\/div>\n<\/div>\n\n\n\n<p class=\"wp-block-paragraph\"><\/p>\n\n\n\n<p class=\"wp-block-paragraph\"><strong><em><strong><em>\u00dcritus toimub Haridus- ja teadusministeeriumi toel<\/em><\/strong><\/em><\/strong><\/p>","protected":false},"excerpt":{"rendered":"<p>\u041f\u0435\u0440\u0435\u0445\u043e\u0434 \u043d\u0430 \u043e\u0431\u0443\u0447\u0435\u043d\u0438\u0435 \u043d\u0430 \u044d\u0441\u0442\u043e\u043d\u0441\u043a\u043e\u043c \u044f\u0437\u044b\u043a\u0435 \u2014 \u0431\u043e\u043b\u044c\u0448\u043e\u0439 \u0448\u0430\u0433 \u0434\u043b\u044f \u0440\u0435\u0431\u0451\u043d\u043a\u0430. \u0414\u043b\u044f \u043a\u043e\u0433\u043e-\u0442\u043e \u043e\u043d \u043f\u0440\u043e\u0445\u043e\u0434\u0438\u0442 \u043b\u0435\u0433\u043a\u043e \u0438 \u0435\u0441\u0442\u0435\u0441\u0442\u0432\u0435\u043d\u043d\u043e, \u0430 \u0434\u043b\u044f [&hellip;]<\/p>\n","protected":false},"author":1,"featured_media":0,"parent":0,"menu_order":0,"comment_status":"closed","ping_status":"closed","template":"","meta":{"footnotes":""},"class_list":["post-2429","page","type-page","status-publish","hentry"],"_links":{"self":[{"href":"https:\/\/keelekymblus.ee\/ee\/wp-json\/wp\/v2\/pages\/2429","targetHints":{"allow":["GET"]}}],"collection":[{"href":"https:\/\/keelekymblus.ee\/ee\/wp-json\/wp\/v2\/pages"}],"about":[{"href":"https:\/\/keelekymblus.ee\/ee\/wp-json\/wp\/v2\/types\/page"}],"author":[{"embeddable":true,"href":"https:\/\/keelekymblus.ee\/ee\/wp-json\/wp\/v2\/users\/1"}],"replies":[{"embeddable":true,"href":"https:\/\/keelekymblus.ee\/ee\/wp-json\/wp\/v2\/comments?post=2429"}],"version-history":[{"count":9,"href":"https:\/\/keelekymblus.ee\/ee\/wp-json\/wp\/v2\/pages\/2429\/revisions"}],"predecessor-version":[{"id":2449,"href":"https:\/\/keelekymblus.ee\/ee\/wp-json\/wp\/v2\/pages\/2429\/revisions\/2449"}],"wp:attachment":[{"href":"https:\/\/keelekymblus.ee\/ee\/wp-json\/wp\/v2\/media?parent=2429"}],"curies":[{"name":"wp","href":"https:\/\/api.w.org\/{rel}","templated":true}]}}

Infotund 29.09.2026 "Lapse keeleline kohanemine eesti keelele üleminekul: ärevusest mängu ja suhtlemiseni“

<div class="wp-block-image">
<figure class="aligncenter size-full"><img loading="lazy" decoding="async" width="640" height="427" src="https://keelekymblus.ee/wp-content/uploads/2026/08/infotund-29-09-2026.jpg" alt="" class="wp-image-2436" srcset="https://keelekymblus.ee/wp-content/uploads/2026/08/infotund-29-09-2026.jpg 640w, https://keelekymblus.ee/wp-content/uploads/2026/08/infotund-29-09-2026-300x200.jpg 300w, https://keelekymblus.ee/wp-content/uploads/2026/08/infotund-29-09-2026-18x12.jpg 18w" sizes="auto, (max-width: 640px) 100vw, 640px" /></figure>
</div>


<p class="wp-block-paragraph">Eestikeelsele õppele üleminek on lapse jaoks suur samm. Mõne lapse jaoks kulgeb see kergelt ja loomulikult, teise jaoks võib see aga saada ärevuse, ebakindluse ja eksimise hirmu allikaks.<br><strong>Kuidas aidata lapsel uues keelekeskkonnas kohaneda? Kuidas toetada teda siis, kui ta veel ei mõista eesti keelt või ei räägi seda piisavalt hästi? Ja kuidas muuta uue keele õppimine stressirohkest kogemusest huvitavaks mänguks ja loomulikuks suhtlemiseks?</strong><br>29.09.2026 toimuval infotunnil räägime lapse kohanemisest eesti keelega, mängu ja suhtlemise rollist selles protsessis ning sellest, kuidas emotsionaalne tugi aitab lapsel end enesekindlamalt tunda.<br>See ei ole ainult teoreetiline arutelu – <strong>jagame ka praktilisi ideid ja võtteid,</strong>mida lapsevanemad ja õpetajad saavad igapäevaelus kasutada.<br>nfotundi viivad läbi <strong>Ljudmilla Limantova,</strong>erivajadustega laste kooli õpetaja, <strong>ja Irina Balabanova -</strong>kliiniline logopeed.</p>



<p class="wp-block-paragraph"><em>Infotund toimub, nagu tavaliselt, hübriidvormis: online’is (Google Meet, lingi saadame 2 päeva enne infotundi) ja kohapeal aadressil Narva, Fama põik 10 (Fama Keskus).</em></p>



<p class="wp-block-paragraph">Osalemine infotunnis on tasuta, kuid vajalik on hankida tasuta pilet Fienta keskkonnas.</p>



<div class="wp-block-buttons is-content-justification-center is-layout-flex wp-container-core-buttons-is-layout-fe48e5de wp-block-buttons-is-layout-flex">
<div class="wp-block-button is-style-outline is-style-outline--1"><a class="wp-block-button__link has-vivid-cyan-blue-color has-text-color has-link-color wp-element-button" href="https://fienta.com/et/infochas-29-09-2026-yazykovaya-adaptaciya-rebenka-pri-perehode-na-estonskiy-yazyk-ot-trevogi-k-igre-i-obshcheniyu">Soeta pilet</a></div>
</div>



<p class="wp-block-paragraph"></p>



<p class="wp-block-paragraph"><strong><em><strong><em>Üritus toimub Haridus- ja teadusministeeriumi toel</em></strong></em></strong></p>

<p>Переход на обучение на эстонском языке — большой шаг для ребёнка. Для кого-то он проходит легко и естественно, а для [&hellip;]</p>
